mmon factor of p and 280.
35
Let k(q) = 2*q + 37. Let w be k(-22). Let r be (2 + -37)/(7/w). Calculate the greatest common factor of r and 5.
5
Let u be (-72)/(-96) + 90/8. Calculate the highest common divisor of u and 16.
4
Suppose 10032 = 7*u + 5*u. Calculate the highest common divisor of 11 and u.
11
Let y be -5 + (-126)/(-27) + (-206)/(-6). Calculate the highest common divisor of y and 51.
17
Let w = 97 + -65. Suppose -3*c - 42 + 161 = -5*m, 5*c + 4*m - 186 = 0. Let k = c - 22. Calculate the highest common divisor of w and k.
16
Let b(t) = 3*t**2 + 8*t - 6. Let l be b(-6). Suppose -11*o + 9*o + l = 0. Suppose -4*a + 6*a - 162 = 0. Calculate the greatest common factor of a and o.
27
Let k(x) be the first derivative of x**2/2 + 22*x - 12. Let m be k(6). Calculate the greatest common factor of m and 7.
7
Let j(k) = 4*k - 5. Let t be j(4). Suppose 2*l = 14*q - 9*q + 28, 5*l - 136 = -4*q. Let b = l - t. What is the greatest common divisor of 13 and b?
13
Let w = 87 + -67. Let h(v) = -2*v + 4. Let q be h(-8). Calculate the highest common factor of q and w.
20
Let h be 6 + 702/(-24)*-4. Calculate the greatest common factor of h and 3.
3
Let u = 7 + -3. Suppose -3*j = 5*r - 110, u*j - 3*r = r + 168. Let o be 0 - (-1)/(1/10). What is the greatest common factor of o and j?
10
Let s(n) = n**3 + 7*n**2 + 11*n + 60. Let m be s(-5). What is the highest common divisor of 935 and m?
55
Let w(l) = l**3 - 4*l**2 - 7*l - 4. Let x be w(8). What is the greatest common divisor of 56 and x?
28
Let j(m) = -121*m + 1. Let y be j(-2). Let p be (-36)/8*-3*2. Calculate the greatest common divisor of y and p.
27
Suppose 0 = -4*a - 0*m - 2*m + 52, 4*m - 20 = -2*a. What is the greatest common factor of a and 2?
2
Let h = 6 + -4. Suppose 3*l - 4*l - j = 0, h*l - 9 = j. Let y be (l - 41)/(-1) - -2. Calculate the greatest common factor of y and 100.
20
Let y = -373 - -452. What is the greatest common divisor of y and 79?
79
Let d be 2 + -3 + (0 + 3 - -84). Suppose c - 36 = -5*t, t = 2*c + 4*t - d. Calculate the highest common divisor of 92 and c.
46
Suppose -4*z + 2*v + 176 = 0, 2*z = z - v + 41. Let f(o) = -5 + 4 + 0 - z*o. Let r be f(-1). Calculate the highest common divisor of r and 63.
21
Let m be 440/25 - (-57)/(-95). Calculate the greatest common factor of m and 5.
1
Let n = 2 - 5. Let c = 13 + n. Let z be 109 + 9/(-3)*(-2)/6. What is the greatest common divisor of c and z?
10
Let s(a) = 3*a + 60. Let x be s(0). Calculate the greatest common divisor of x and 15.
15
Let o(s) = s + 2. Let g = -1 - -20. Suppose 2*l + 7 = g. Let b be o(l). What is the greatest common factor of 56 and b?
8
Let q be ((-32)/40)/((-4)/50). Let y(w) = w**3 - w**2 - 5*w + 35. Let o be y(5). Calculate the highest common factor of q and o.
10
Let o(x) be the third derivative of x**5/60 + 11*x**4/24 + 35*x**3/6 + 12*x**2. Let v be o(-8). What is the greatest common divisor of v and 77?
11
Let t be ((-50)/45 + (-3)/(-27))*-533. What is the greatest common factor of t and 82?
41
Suppose -3*j + 4*o + 17 + 61 = 0, 3*j = -4*o + 102. Let b be (12*(-12)/18)/((-4)/6). Calculate the highest common divisor of b and j.
6
Suppose -296 + 104 = -2*a. Suppose 32 + 28 = 5*i. What is the greatest common factor of a and i?
12
Let m(d) = d**2 - 12*d + 12. Let r be m(10). Let w = 8 - r. What is the highest common factor of w and 12?
4
Let c be (-644)/(-10) + (-6)/(-10). Calculate the highest common divisor of 39 and c.
13
Let b(l) = -l + 9. Let h be b(7). Let v(m) = 2*m**3. Let c be v(h). Let x(u) = -u**2 + 5*u - 2. Let z be x(3). Calculate the greatest common divisor of c and z.
4
Let j = -656 + 666. Let l(d) = -44*d + 4. Let u(b) = 45*b - 3. Let c(n) = 4*l(n) + 5*u(n). Let w be c(1). What is the highest common divisor of w and j?
10
Let l(y) = 11*y**2 + 2*y + 2. Let g be l(-1). Let d be 284/16 + (-6)/8. Let a = 28 - d. Calculate the greatest common divisor of a and g.
11
Let v(f) = -32*f + 15. Let g(a) = -160*a + 76. Let t(b) = -2*g(b) + 11*v(b). Let i be t(-10). Calculate the highest common factor of 37 and i.
37
Suppose 27*p = 33*p - 78. What is the greatest common divisor of 221 and p?
13
Let x(u) = -53*u - 450. Let v be x(-36). What is the highest common divisor of 18 and v?
18
Suppose 5*q - q - 3*g - 44 = 0, 0 = 2*q + 2*g - 8. Suppose -22 = 5*l - 10*l - 3*s, q = 2*l + s. What is the greatest common divisor of 4 and l?
2
Let x be (-2)/4*(2 + -24 - 8). Suppose -2*m = -10, 5*w - 787 = -2*m - 102. Calculate the highest common divisor of x and w.
15
Suppose -156 = -7*t + 11*t. Let w = t - -45. What is the greatest common divisor of 48 and w?
6
Suppose 3*g - g - 12 = -2*p, -22 = -5*p - g. Suppose -p*t + 8 = 4*i - 36, 0 = 2*i. Calculate the greatest common factor of 77 and t.
11
Let t = 792 + -616. What is the highest common factor of 99 and t?
11
Suppose 77*x - 82*x = 45. Let w = 9 - x. Calculate the greatest common factor of 18 and w.
18
Let h be 84 + (-1)/(-2*(-6)/(-24)). Let a = -174 + 303. What is the highest common factor of h and a?
43
Suppose 135 = 8*m - 5*m. Suppose g + 3*y - m = 0, 3*g = 6*y - 3*y + 87. What is the greatest common factor of 264 and g?
33
Let d = 195 + -171. Calculate the highest common factor of d and 156.
12
Suppose -2*x = 6*b - 4*b - 38, 3*b - 21 = -x. Let p(g) = 485*g + 494. Let r be p(-1). Calculate the greatest common factor of r and x.
9
Let j = -49 - -38. Let u(n) = n**3 + 12*n**2 + 9*n + 4. Let r be u(j). What is the highest common divisor of r and 208?
26
Let g(b) = b**2 - 7*b - 3. Let y = 5 + -3. Suppose 65 = 5*a - 2*j, -a = y*j - j - 13. Let d be g(a). What is the highest common divisor of d and 25?
25
Let i = 2816 + -1721. Calculate the greatest common divisor of 45 and i.
15
Let x = -38 + 84. Let s be (4 + 784/(-12))*(-6)/4. What is the highest common divisor of x and s?
46
Suppose -81*q - 650 = -86*q. Let p = 150 - q. Let i = -222 - -442. Calculate the highest common factor of p and i.
20
Let l = -14 + 37. Suppose 516 = -l*q + 27*q. Let m = 201 - q. Calculate the greatest common factor of 24 and m.
24
Let a(t) = -2*t + 20. Suppose q - 30 - 17 = 5*r, 5*r + 49 = 2*q. Let h be a(r). Calculate the highest common divisor of 114 and h.
38
Suppose -i - 3 = -7. Suppose 0 = -3*h + i*h - 7. Let a(r) = r**3 + 9*r**2 + 11*r + 14. Let v be a(-6). Calculate the greatest common divisor of h and v.
7
Let k(p) = 29*p**2 - 11*p + 67. Let d be k(6). Calculate the highest common factor of d and 95.
95
Suppose j + 3*j = 176. Let g = -52 + 53. Let z be (-226)/(-3 + g - 0) + -3. What is the greatest common divisor of z and j?
22
Suppose -5*a + 10850 = -6*k + 9*k, -3*k = -a + 2170. What is the greatest common factor of a and 14?
14
Suppose -5*i + i - 4*p + 280 = 0, 3*p + 12 = 0. What is the greatest common factor of 2294 and i?
74
Suppose 5*k = -3*s + 37, -k + 0 = 5*s - 3. Let d = 785 - 552. Suppose -3*b + 31 + d = 0. Calculate the greatest common divisor of b and k.
8
Let y be (20/(-6))/1*378/105. Let t(j) = -2*j + 28. Let o be t(y). What is the greatest common divisor of 156 and o?
52
Suppose 2*f = -0*f - 8. Let n be (-280)/(-88) + f/22. Let a be 30/2 + (5 - 5). Calculate the highest common factor of a and n.
3
Suppose 2*b = -60 + 252. Calculate the greatest common divisor of 36 and b.
12
Suppose -16*h = -5*h - 121. Suppose 2*g - 46 = -5*p, -3*p + 4 = -3*g - h. Calculate the greatest common divisor of 176 and p.
8
Let a(t) = -15*t. Let b be a(-6). What is the greatest common factor of 150 and b?
30
Suppose 2*w + 302 = 4*z, z - 292 = -3*z + 4*w. What is the highest common divisor of 18 and z?
6
Let l be (-338)/(-6) + 11/(-33). Let c = -29 + l. What is the greatest common factor of 297 and c?
27
Let g be 2/(-5) - 4/(-10). Let x be 1 + (3 + g)/(-3). Suppose -8*o + 4*o + 204 = x. Calculate the highest common factor of o and 34.
17
Suppose 12*s = 545 - 17. Calculate the greatest common divisor of s and 209.
11
Let c be 135/(2/(-84)*-9). What is the greatest common factor of 90 and c?
90
Suppose 31*k - 3023 = 77. Calculate the greatest common factor of k and 3200.
100
Suppose 3*y - 24 + 12 = 0. Suppose -y*i + 2 = -2. Let s be (-9 - i)/(4/(-12)). What is the greatest common divisor of s and 12?
6
Let o(l) = 24*l**3 - l**2 - 3*l - 3. Let v be o(-1). Let m be ((-15)/v)/((-2)/(-190)). What is the highe